
Calculate (-2 - (-23 + -1)) + -6 - (0 - -7).
9
What is -4 - (0 + (0 + 0 - -5) + -21)?
12
Evaluate 3 + 1 + (5 - (4 - -1) - 4).
0
-42 + 67 + (-7 - 2)
16
-77 + 85 + (1 - 1) + -19
-11
Calculate -10 + (-4 - 1 - (0 - (0 - 0))).
-15
Evaluate 7 + (-19 - -44) + -11.
21
What is the value of 0 - ((6 - (5 - (-5 - -4))) + 3)?
-3
What is 12 + 3 - (-142 + 147)?
10
Calculate -20 - (-25 - (32 - 45)).
-8
(-2 - 8) + -3 + (11 - (5 + 7))
-14
1 + (-20 - -33 - -12)
26
What is 5 - (-13 + -7 + 21 + (0 - 0))?
4
Evaluate (27 - 5) + -13 + 2 + 7.
18
Evaluate -15 + 9 + -8 + (5 - -4).
-5
Evaluate -33 - ((97 + -93 - (12 + 0)) + 5).
-30
Calculate -24 - (24 + -64) - -3.
19
Evaluate 5 + (-6 - -11 - 3) + -3 + -10.
-6
What is 5 + (6 - -2 - 4)?
9
What is -2 - ((-3 + -4 - -8) + 2 - 7)?
2
What is the value of (-6 - ((11 - 7) + -13)) + -3?
0
(12 - (15 + -7 + 0)) + -11 - -13
6
(-1 - -1) + (2 - 0) + -10 + 2
-6
Evaluate 214 - 171 - (28 - 2).
17
Calculate -3 + 13 + (7 - -1) + -8.
10
Evaluate 0 + 0 + 9 + (175 - 183).
1
What is the value of -28 - -30 - ((-1 - (-7 - -5)) + -5)?
6
-13 - (8 - 7 - 15)
1
Evaluate -22 - 2 - -11 - (0 - -2).
-15
What is the value of 6 - 35 - (-3 + -4)?
-22
Calculate -9 - (12 + -22 + -8 + 9).
0
Calculate -30 + 2 - (-73 + 75) - (-1 + -1).
-28
What is (-49 + 18 - -61) + -28?
2
(28 - 16 - -1) + -14
-1
Evaluate -24 - ((-11 - 5) + -12).
4
10 - (-6 - -5) - (-2 + -3 + 10)
6
Evaluate 39 + (3 - 76 - -33).
-1
Calculate 6 + (0 - 13) + -1 - -2.
-6
-1 + ((10 - 11) + 0 - -2)
0
13 + -10 + (-4 - -5) + 3 + 2
9
4 + (-16 - -8 - -11) + -19
-12
Calculate (-1 - (-1 + -15)) + -12.
3
What is the value of 156 + -145 + (9 - 3)?
17
What is 0 + -17 + (-65 - -73) - -6?
-3
Calculate 0 - -5 - (26 - 74 - -16).
37
What is the value of 4 + -5 - -1 - (-5 + -17 + 16)?
6
-1 + (5 - 7 - -6 - 13)
-10
-9 - ((2 - (-5 + (14 - 9))) + -16)
5
Evaluate -1 + -29 + (5 - (8 + -5 + -6)).
-22
16 - -1 - (5 + 6) - (-2 + 32)
-24
What is the value of 10 + -33 + (6 - -7)?
-10
43 - 24 - ((3 - 6) + (8 - 1))
15
What is the value of 7 + (-32 - (4 + -20)) - -30?
21
What is (36 - (34 - -7)) + 3 + 2?
0
Evaluate -3 + -1 - (-27 - (13 + -27 + 8)).
17
What is -9 - (1 + -8) - (-9 - 21 - -5)?
23
Evaluate 13 - 13 - (-3 - (-11 - -5 - -3)).
0
What is the value of 6 + 1 - (-34 + (-31 - -60))?
12
What is (-19 - (11 - 20)) + 28?
18
What is -9 - (-8 + 11 - (8 + -1))?
-5
Calculate -1 - (13 - (2 - -12)).
0
What is the value of -3 + -9 + 6 + (-2 + 19 - 1)?
10
What is -12 + (-1 - 14) + 19?
-8
Calculate 0 + (1 - -3) + -12 + 13.
5
Evaluate 14 + (-9 - 5 - (5 - 9)) + 6.
10
(0 + -3 - (15 + -51 - -29)) + -36
-32
Evaluate 36 - (39 + (4 - 11)).
4
What is the value of -4 + 4 - -3 - (-84 + 79)?
8
(-25 - (10 - 6)) + 51
22
What is 29 + (-8 - 4 - 2) + (0 - 6)?
9
What is the value of -5 + 2 - -9 - (-102 - -101)?
7
What is the value of (-6 - 1) + (0 - (-1 + 1 + 6))?
-13
Evaluate -12 - (-7 - (7 + -20)).
-18
What is (2 - 7 - (13 - 4 - 11)) + -10?
-13
What is the value of -4 + (-9 - (-10 - -4)) + 2 - -19?
14
Calculate 10 - (133 + -129 - (12 - 2)).
16
(12 - -1 - -9) + (-22 - -28)
28
What is the value of 3 + 11 + -9 - 7?
-2
What is the value of (-25 + 22 - -31) + -25?
3
Calculate 79 - 96 - (2 - 0).
-19
Calculate -12 + 17 + 15 + -10.
10
Evaluate (13 - 21) + 9 - (-6 - (-35 + 5)).
-23
Evaluate 0 - ((-3 - (-1 + -9)) + -10).
3
Calculate 0 - 0 - (-4 - 3 - 1 - -23).
-15
What is the value of 12 + 28 + -30 + -8 + 1?
3
Calculate 5 + -2 + 55 + -67.
-9
Calculate -12 - (0 - (6 + 9)).
3
What is the value of (-25 - 1) + (-3 - (-19 + 12 + 9))?
-31
Evaluate 21 - ((-5 - (6 - -3)) + 16).
19
Evaluate -8 - ((-29 - -22) + 4).
-5
(-32 - -26) + -4 + 2 + -2 + 6
-4
Evaluate -9 - (5 + (-14 - (-4 - 1))).
-5
Evaluate -4 + -23 + -24 + 37.
-14
Calculate 13 + -26 + 3 - -4 - -19.
13
What is -4 - ((-6 + -5 - 10) + 6) - 34?
-23
-6 - (-1 - (8 - -4)) - -12
19
-7 - -6 - ((-16 - (-3 + -2)) + 2)
8
Evaluate 8 + (-4 - (-7 + 1)) - 4 - -2.
8
Evaluate 1 - -11 - (-10 + 21 + -9 + -21).
31
Evaluate (11 - 3 - 5) + 3 - 14.
-8
What is the value of -10 - (3 - 11 - (53 - 39))?
12
What is (17 - 52) + 12 - -50?
27
Calculate 7 + (7 - 15 - (-3 + 3)).
-1
What is the value of (1 - (3 + 35)) + (-8 - -18 - -1)?
-26
What is the value of 42 - (-33 - -26 - -23)?
26
Evaluate -30 + (-4 - (-24 - (-3 - (2 - -5)))).
-20
Calculate 7 - (-8 + 24) - -15 - 9.
-3
What is -25 + (29 - -23) - 1?
26
What is the value of -1 - (-2 - (7 + (-6 - -6) + -13))?
-5
(8 + -7 - 12) + 10
-1
Evaluate -1 + -5 - (-2 - (-5 + 17)).
8
Calculate -10 - -20 - (1 + -8 - (-19 + 14)).
12
What is the value of (0 - (-2 - -2)) + -29 - (52 + -50)?
-31
What is the value of 2 - -9 - (2 + 53 + -26)?
-18
What is the value of -9 + 0 - (-107 + 95)?
3
Calculate (7 - (22 + -6)) + (0 - -1).
-8
-8 + 8 + 20 + -6 + -3
11
(-7 - (6 + -4)) + (-56 - -61)
-4
Calculate (-10 - -6) + (-3 - 0) + (0 - 3).
-10
-4 - (19 + -4) - (-4 + 0 + -4)
-11
Calculate 8 - (-6 - 2) - (-20 - -8).
28
What is (-95 - -49) + 91 + -17?
28
What is the value of 3 + (4 - 4) + (6 - (9 + 11))?
-11
What is 1 + -17 + -21 + 9 + 11 + 5?
-12
What is (29 - 66) + 13 + -11?
-35
Evaluate -20 + 22 + 1 + -11 + 4.
-4
What is the value of (28 - (-3 - -1)) + -13 + 2?
19
What is -34 - -46 - (24 - -1)?
-13
What is -10 - 9 - 2 - (-10 + (0 - -2))?
-13
What is the value of -1 + (0 - (-14 + 13) - (24 + -3))?
-21
What is the value of 0 + -2 + 9 + 43 + (-21 - 16)?
13
Calculate 42 + 26 + -48 + 4.
24
-27 + 0 - (-5 - -1)
-23
Calculate 17 + -28 + 55 + (-2 - 15).
27
What is the value of -9 + -1 + -12 + 30 + -23 + 0?
-15
What is the value of 2 + 12 + -7 - (37 + -18)?
-12
Evaluate 1 - -4 - (-227 - -231).
1
Calculate (11 - -2) + (-5 - (23 - 6)).
-9
Calculate (4 + 5 - 5) + (-6 - -8 - -5).
11
(-6 - (-2 - (1 + -3))) + (-18 - -25)
1
What is the value of -1 - -5 - (24 + -12 - 17)?
9
Evaluate 29 - -2 - 9 - 11.
11
-4 - ((1 - 1) + 0 + (-100 - -98))
-2
Evaluate 11 + -1 + (132 - 134).
8
-3 + -16 + 14 - -21
16
Evaluate -10 + (-36 - -18 - -38).
10
What is the value of (62 - 37) + 9 + -61?
-27
Calculate -20 + -11 - (29 - 43).
-17
(49 - (4 + 7)) + (-1 - 5 - -5)
37
What is the value of -6 + 9 - 5 - (1 + -2 + 3)?
-4
What is the value of 24 - (-1 - (-38 + 21))?
8
Calculate -12 + -25 + (-25 - -55).
-7
Calculate -1 + (18 - (1 + 8 + 7)).
1
Evaluate (7 - 9 - 5) + 5 + -1.
-3
What is -9 + (6 - (-5 + (-4 - (-12 - 0))))?
-6
Evaluate 15 + 0 + 21 + (20 - 44).
12
Calculate 62 + (18 - 71) + 12 + 1.
22
(-3 + 6 - 18 - -17) + -14
-12
Evaluate 17 + -9 + (13 - (18 + -8 + -5)).
16
What is the value of -20 + -21 + 7 + 17?
-17
Calculate 5 + 1 + (0 - 6 - -4).
4
What is 1 + 0 + 3 - 13 - (2 + -8)?
-3
-6 + 3 + -2 + (-30 - -10 - -25)
0
Calculate -2 - 0 - -1 - (49 + -19 + -10).
-21
What is -2 + -9 - (-4 + 1) - (-24 - -2)?
14
What is 9 + (16 - (7 + 20))?
-2
What is the value of -1 - (-7 + 0 + -5 + 9)?
2
Evaluate 12 + 1 + (5 + -1 - 8) + 1.
10
What is -2 - (14 + -6 + -17 + -10)?
17
What is (0 + 5 - (-14 + 36 + -18)) + 11?
12
Calculate 34 + -35 - (-1 + (1 - 5)) - 1.
3
Calculate -59 + 42 + 7 + 46.
36
Evaluate -241 + 237 - (1 - ((-2 - 0) + 0)).
-7
What is -34 - (3 - (38 + -41 - (-14 - 0)))?
-26
Evaluate 27 - (-12 + -8 + 22) - 2.
23
Evaluate -1 + -3 + 9 + (-5 - -17 - 3).
14
What is the value of (17 - (19 - -13)) + (3 - -1)?
-11
Calculate 8 + (7 + -16 - -6) + -6 + 1.
0
What is -3 + -16 + -2 + 29?
8
What is (8 - (7 - -2)) + -5 - 5?
-11
What is the value of 31 - 8 - (14 - 1) - -17?
27
-1 + -21 + (7 - (22 - (12 + 2)))
-23
(11 - -1 - (28 + -24)) + -4
4
What is -31 - (0 + 11 - (11 + -13 + 25))?
-19
What is the value of 56 - (1 + 40) - 14?
1
14 + -6 - (61 + -17)
-36
What is 10 + (-11 - -3 - -2 - -10)?
14
Calculate 1 + -11 - (4 + -6).
-8
What is -17 + 16 + 13 - -2?
14
(2 - -3) + (13 - (-29 - -50))
-3
Evaluate (-29 - -82) + -33 - 28.
-8
What is the value of -245 + 273 - (-1 + 9)?
20
Evaluate -4 + 1 + 1 + (1 - (-12 + 32)).
-21
Evaluate (74 + -75 - (1 - -5)) + -3.
-10
Evaluate (-40 - (-7 + -12)) + 6.
-15
Calculate 28 + 2 + (10 - 34).
6
(32 - -1) + 24 + -44 + 0 + 14
27
Evaluate 1 + 7 - 15 - -19.
12
What is the value of (-22 - -1) + (-34 - -74) + -39 + 9?
-11
Evaluate -1 + 0 + (10 - ((-8 - -12) + 26)).
-21
-79 + 91 - (-3 + 1)
14
Evaluate (-19 - -41) + (1 - 4) - 1.
18
What is 2 - (28 + -13 - 6)?
-7
6 + ((4 - 8) + -4 - -4) - 3
-1
Evaluate 10 - ((7 - 11 - -1) + 3).
10
-3 + -6 + (10 - (4 - -5))
-8
Evaluate